121444171
What are the prime factors of 2639502?
2, 3, 146639
What are the prime factors of 34632039?
3, 13, 888001
What are the prime factors of 1070361184?
2, 33448787
What are the prime factors of 115295621?
7, 16470803
List the prime factors of 7866199616.
2, 11, 463, 24133
List the prime factors of 116894136.
2, 3, 4870589
List the prime factors of 6015751.
7, 859393
List the prime factors of 31489345.
5, 6297869
List the prime factors of 2081431765.
5, 7, 59469479
List the prime factors of 168979654.
2, 19, 1471, 3023
List the prime factors of 862938490.
2, 5, 613, 140773
List the prime factors of 286812237.
3, 179, 534101
List the prime factors of 188449384.
2, 23556173
What are the prime factors of 100681922?
2, 11, 17, 24473
List the prime factors of 186739952.
2, 7, 1667321
List the prime factors of 1414452822.
2, 3, 7901, 29837
What are the prime factors of 852349032?
2, 3, 11838181
What are the prime factors of 29162450?
2, 5, 583249
List the prime factors of 31353760.
2, 5, 127, 1543
What are the prime factors of 35361037?
17, 601, 3461
What are the prime factors of 17026649?
571, 29819
What are the prime factors of 7009732931?
23, 389, 783473
List the prime factors of 96980078.
2, 13, 3730003
What are the prime factors of 215870699?
11, 41, 653, 733
What are the prime factors of 7245283?
7245283
List the prime factors of 82099443.
3, 17, 23, 69991
List the prime factors of 62377689.
3, 11, 71, 79, 337
What are the prime factors of 24215949?
3, 79, 11353
What are the prime factors of 160385575?
5, 7, 130927
List the prime factors of 177416132.
2, 44354033
What are the prime factors of 6863911075?
5, 7, 17, 2307197
List the prime factors of 1010418035.
5, 11, 17, 1080661
List the prime factors of 1115854156.
2, 53, 5263463
List the prime factors of 310055497.
61, 569, 8933
What are the prime factors of 46250951?
46250951
List the prime factors of 14259336.
2, 3, 7, 13, 6529
List the prime factors of 131881110.
2, 3, 5, 4396037
List the prime factors of 5198556539.
11, 472596049
List the prime factors of 270889453.
270889453
List the prime factors of 60830508.
2, 3, 661, 7669
What are the prime factors of 13357302?
2, 3, 7, 45433
What are the prime factors of 902563120?
2, 5, 43, 59, 4447
What are the prime factors of 4391403024?
2, 3, 479, 190997
List the prime factors of 206001782.
2, 7, 1429, 1471
What are the prime factors of 1533204941?
191, 8027251
What are the prime factors of 114590675?
5, 4583627
List the prime factors of 3203962074.
2, 3, 5419, 10949
List the prime factors of 670486293.
3, 29, 2568913
List the prime factors of 4741146542.
2, 11, 215506661
What are the prime factors of 27567317?
23, 277, 4327
List the prime factors of 86246037.
3, 547, 17519
List the prime factors of 1891334754.
2, 3, 2137, 49169
List the prime factors of 276191887.
276191887
List the prime factors of 37828895.
5, 13, 581983
What are the prime factors of 489088081?
53, 1979, 4663
What are the prime factors of 27080108?
2, 11, 23, 26759
List the prime factors of 1548963012.
2, 3, 129080251
List the prime factors of 25140454.
2, 12570227
List the prime factors of 2171187924.
2, 3, 569, 317983
What are the prime factors of 1342386930?
2, 3, 5, 2971, 15061
What are the prime factors of 245398281?
3, 17, 19, 14897
List the prime factors of 4503177669.
3, 19, 67, 1179151
List the prime factors of 157011891.
3, 653, 80149
List the prime factors of 7579335843.
3, 23, 937, 1699
List the prime factors of 461058471.
3, 51228719
What are the prime factors of 8054799?
3, 2684933
What are the prime factors of 194202747?
3, 17, 1269299
List the prime factors of 302937057.
3, 11219891
List the prime factors of 64607217.
3, 37, 15731
List the prime factors of 267124268.
2, 19, 3514793
List the prime factors of 625595942.
2, 312797971
What are the prime factors of 20642781?
3, 37, 185971
List the prime factors of 198025832.
2, 24753229
List the prime factors of 31817460.
2, 3, 5, 149, 3559
What are the prime factors of 27853401?
3, 2557, 3631
What are the prime factors of 1810532765?
5, 61, 263, 22571
List the prime factors of 49187791.
139, 353869
List the prime factors of 836290858.
2, 13, 41, 784513
List the prime factors of 186072639.
3, 62024213
List the prime factors of 5505852752.
2, 344115797
What are the prime factors of 2361044244?
2, 3, 13, 79, 14737
List the prime factors of 79275644.
2, 7, 2831273
List the prime factors of 96622782.
2, 3, 16103797
List the prime factors of 5130640779.
3, 11, 37, 53, 79283
What are the prime factors of 3205783767?
3, 1068594589
List the prime factors of 31456875.
3, 5, 19, 883
What are the prime factors of 3384937046?
2, 359, 4714397
List the prime factors of 4740670513.
29, 163471397
List the prime factors of 7848196.
2, 1962049
List the prime factors of 245553166.
2, 73, 1681871
What are the prime factors of 43999570?
2, 5, 17, 67, 3863
List the prime factors of 2865468900.
2, 3, 5, 7, 61, 22369
List the prime factors of 158544805.
5, 17, 1865233
List the prime factors of 1328616743.
19, 69927197
What are the prime factors of 422490692?
2, 13, 31, 149, 1759
List the prime factors of 6103021265.
5, 11, 97, 1143959
What are the prime factors of 24851115?
3, 5, 29, 137, 139
What are the prime factors of 495333231?
3, 165111077
List the prime factors of 65218594.
2, 7, 659, 7069
List the prime factors of 4441988525.
5, 13, 13667657
What are the prime factors of 23145641?
59, 392299
What are the prime factors of 65518737?
3, 2917, 7487
What are the prime factors of 2320124907?
3, 773374969
What are the prime factors of 921883983?
3, 31, 89, 127, 877
What are the prime factors of 233409490?
2, 5, 17, 19, 127, 569
What are the prime factors of 34254756?
2, 3, 101, 9421
List the prime factors of 56620926.
2, 3, 3145607
List the prime factors of 188887901.
17, 11111053
What are the prime factors of 3518232761?
3518232761
What are the prime factors of 225895927?
67, 113, 29837
What are the prime factors of 140042540?
2, 5, 11, 19, 33503
List the prime factors of 175784118.
2, 3, 29297353
List the prime factors of 5626413.
3, 13, 19, 2531
List the prime factors of 5400412182.
2, 3, 11, 37, 245719
What are the prime factors of 1785954435?
3, 5, 119063629
List the prime factors of 1499047456.
2, 59, 191, 4157
What are the prime factors of 7469806389?
3, 1087, 2290649
What are the prime factors of 1433492761?
197, 397, 18329
What are the prime factors of 2941988607?
3, 29, 53, 7877
List the prime factors of 32944213.
71, 464003
List the prime factors of 269344161.
3, 29927129
List the prime factors of 111724179.
3, 7, 23, 227, 1019
What are the prime factors of 25160551?
13, 23, 6473
What are the prime factors of 1048113349?
401, 601, 4349
List the prime factors of 1005669377.
113, 569, 15641
What are the prime factors of 728541172?
2, 47, 107, 36217
List the prime factors of 201055901.
201055901
List the prime factors of 52507147.
7, 11, 107, 6373
List the prime factors of 2184031909.
2184031909
List the prime factors of 3382231440.
2, 3, 5, 7, 31, 101, 643
List the prime factors of 46904948.
2, 29, 107, 3779
What are the prime factors of 18185786?
2, 9092893
What are the prime factors of 2190919620?
2, 3, 5, 109, 521, 643
What are the prime factors of 95703104?
2, 7, 213623
What are the prime factors of 2845014186?
2, 3, 7, 179, 7723
List the prime factors of 19118348.
2, 283, 16889
List the prime factors of 40625905.
5, 8125181
List the prime factors of 1345102.
2, 11, 61141
What are the prime factors of 39490649?
11, 326369
List the prime factors of 64757034.
2, 3, 3597613
What are the prime factors of 76902060?
2, 3, 5, 41, 43, 727
List the prime factors of 55212239.
55212239
List the prime factors of 553922319.
3, 184640773
What are the prime factors of 1841572262?
2, 2621, 351311
List the prime factors of 3535348332.
2, 3, 294612361
What are the prime factors of 49731112?
2, 6216389
What are the prime factors of 4277048998?
2, 19, 257, 437953
What are the prime factors of 1820174539?
107, 17010977
List the prime factors of 159109168.
2, 313, 31771
List the prime factors of 5503900.
2, 5, 23, 2393
What are the prime factors of 1397649557?
19, 109, 674867
List the prime factors of 33263537.
283, 117539
What are the